 + -6 - -7.
1
What is the value of 5 + (-3 - -6) + (-5 - 5)?
-2
(0 - 10) + (70 - 63)
-3
What is -3 + 7 + -6 - 0?
-2
Evaluate -2 - (-5 - (4 + -6)).
1
Calculate (5 - 0 - 2) + -4.
-1
(1 + -3 - 3) + 10
5
Evaluate (7 - (7 + -4)) + -11 + 5.
-2
Evaluate -2 + -1 + 4 + 4.
5
What is the value of -6 + -4 - -11 - -7?
8
2 - 4 - (-3 + -3)
4
Calculate -1 + 3 + -9 + 2.
-5
What is the value of 1 + (-4 - (-3 - -2))?
-2
Evaluate 0 + (1 - 8) + (-97 - -110).
6
-5 + 7 + -1 + -8
-7
3 - (5 - (-2 - -6)) - 1
1
Evaluate (-1 - 1) + (7 - 5) + 0.
0
0 + 10 + 25 + -30 + -7
-2
What is the value of 36 + -39 - (-1 + 0 + 1)?
-3
What is the value of 0 + (-6 - (-4 - -1))?
-3
Calculate -9 + 10 + (-9 - -11).
3
Calculate (4 + 0 - (-33 + 37)) + 0.
0
Evaluate 1 - (4 + -2 + -4 + 6).
-3
What is the value of (-2 - -1 - (49 + -47)) + 10?
7
-14 + 1 + 0 + 12
-1
(0 + 2 - -1 - -1) + -7
-3
What is -4 + -2 - (-5 - -2)?
-3
Calculate (-2 + (6 - 0) - 2) + -1.
1
Calculate 0 + 3 + -2 + 2.
3
Calculate (7 - 7 - -21) + -12.
9
Evaluate (-2 + -6 - -4) + 2.
-2
Evaluate -3 + 3 - (1 + -2).
1
Evaluate -3 + 7 + -3 + 1 + -9.
-7
What is -3 - (6 + -2 - 3)?
-4
What is (4 - ((1 - 5) + 8)) + 5?
5
What is the value of 2 - (12 + -1 + -6 + 1)?
-4
Calculate -494 - -490 - (-1 + -1 + -7).
5
Evaluate -3 + -2 - (-25 + 12 - -8).
0
Evaluate (-2 + 1 - (-2 - -2)) + -3.
-4
Evaluate (1 - (0 - 0)) + 22 + -21.
2
What is the value of -3 + 1 - (4 + (-22 - -8))?
8
What is 22 - (29 + -15) - 9?
-1
What is the value of (-34 - -34) + (-2 - 0 - -6)?
4
What is -7 + (1 - (-7 - -2))?
-1
What is 15 - (-3 - -20 - 9)?
7
Calculate -9 + (4 - -1) - (0 + -3).
-1
Calculate 4 + (-4 - (-1 + 5 + -4)).
0
What is the value of (-16 - -17) + -3 + -3?
-5
What is the value of 6 - 9 - 0 - 2?
-5
What is the value of -1 + 2 - (-3 + 7)?
-3
What is the value of 2 + (6 - 4) + 0 + 0?
4
15 - 23 - (0 + (6 - 5))
-9
(-25 + 28 - (2 + -2)) + 2
5
-3 + 1 + (2 - -1)
1
Evaluate 30 + -25 - (-2 - -1).
6
Calculate (-1 + -2 - (22 - 22)) + -2.
-5
Calculate 2 + -1 + -3 + -3.
-5
Evaluate (0 - -2 - -1) + -9 + 4.
-2
What is the value of -5 + (-14 - -4) + 11?
-4
Calculate (1 - 5) + 6 + -2.
0
Evaluate (-8 + 9 - 14) + 15.
2
Evaluate -2 + 3 + (-8 - -2).
-5
Calculate (1 + (5 - 0) - 2) + -5.
-1
What is the value of -3 - (-5 - (-12 - -5))?
-5
-27 + 19 + 2 + 3
-3
What is -6 - (-5 + 3 + (-1 - 0))?
-3
Evaluate 10 + -11 + 6 - (3 + -2).
4
What is (-2 - (-12 - -4)) + -43 + 37?
0
What is -10 + 4 + (-3 - (3 + -11))?
-1
What is the value of 1 + (-1 - -1) - 4?
-3
(-1 - -4 - 7) + 9
5
What is the value of -8 - (-4 + -1) - 3 - -5?
-1
Calculate (-9 - -14) + -3 + 0 + 2.
4
What is -6 + (-1 - -5) + 7 - 12?
-7
8 - (9 + 5 - 1)
-5
What is the value of 2 + (-5 + -1 - (-13 - -3))?
6
Calculate 1 - 6 - (-1 + -1) - 2.
-5
Evaluate -1 + (-3 - (-1 - 2)) - -2.
1
What is the value of (-119 - -121) + -1 + -1?
0
What is 2 + -1 + 2 + 0 - 5?
-2
Evaluate 5 - 2 - (1 - -3).
-1
What is the value of 4 + -1 + 8 + -7 + -7?
-3
What is 0 + 5 + 10 + -19?
-4
7 + (-4 - (3 + -4))
4
What is the value of 2 - (1 - 4 - -11)?
-6
Evaluate (-1 - 3 - -6) + -2.
0
Calculate -2 + (-1 - 0 - (-5 - -2)).
0
(1 - 5 - -6 - -1) + -1
2
What is 11 + -9 + -7 + (2 - -1)?
-2
What is the value of -9 + -13 + 11 - -4?
-7
What is the value of 15 + (-16 - (-4 + -2)) + 4?
9
Evaluate 0 + ((2 - 0) + -1 - 0).
1
What is 5 + 1 - (20 + -15)?
1
Evaluate -2 + -8 + 4 + 1 + 4.
-1
(2 - -3) + 6 + -8
3
(1 - (8 - 19)) + (-6 - 1)
5
Evaluate -1 + -1 + -10 + 6.
-6
-8 + -5 + 4 + 19
10
What is the value of -18 - -17 - (-3 + 1)?
1
Evaluate (12 + 1 - 1) + (10 - 15).
7
(2 + 1 - 7) + 8 + -5
-1
What is 0 + -2 - (-4 + 3 + -3)?
2
Calculate -5 + (2 + -2 - 2).
-7
What is the value of 13 - 19 - (4 - 9)?
-1
-2 - (-9 - -12 - (2 - 1))
-4
What is -1 - (3 + -6 - 1)?
3
What is the value of -3 + 8 - 8 - (4 + -7)?
0
Evaluate -24 + 24 + 3 + 0.
3
-8 + (-2 - -6) - -4
0
What is 1 + 6 + -115 + 109?
1
Evaluate -3 + 6 - 2 - 8.
-7
What is 3 + (0 - 4) + 0 + 8?
7
Evaluate 5 - ((0 - -11) + -5 + 0).
-1
(7 - 12) + (-3 - -5)
-3
Evaluate 11 + -21 - (1 - 7).
-4
Calculate ((-3 - -4) + -3 - 3) + 6.
1
What is the value of -2 + 4 + -2 + (-5 - -6)?
1
What is -8 - (1 + (-4 + 4 - 6))?
-3
Calculate (6 - 1 - 0) + -7 - -3.
1
Calculate -1 + -1 - (-11 + 8) - 2.
-1
6 - 10 - (4 + -5)
-3
What is the value of 9 + -3 + 6 + -14?
-2
(4 - 0) + -4 - 5
-5
Evaluate -4 - ((-1 + -2 - -2) + -1).
-2
-8 + 9 - (0 + (0 - 3))
4
(4 + (-4 - 0) - -3) + -4
-1
Calculate -2 - -10 - (-3 + 7).
4
Evaluate (4 - 1) + 4 + -11.
-4
Calculate 7 + (-8 - -12) + -16.
-5
Evaluate -3 + (3 + 7 - (2 + 1)).
4
1 - 3 - 0 - (-40 + 36)
2
-4 - ((-3 - -4) + -5 + -2)
2
What is (1 - -4 - (1 + 1)) + -1?
2
What is -3 + 3 + 2 + 0?
2
Calculate -1 + 0 + (-12 - -8).
-5
What is -4 + (0 - (-7 - -4)) - 4?
-5
What is the value of (-2 - (-1 + -1)) + 8 + -3?
5
Calculate -11 + 6 + (6 - 3) + -1.
-3
What is -2 - (0 + (-4 - -1) + -1)?
2
Calculate 4 - (-12 + 14 + 4).
-2
Calculate (-9 - (-14 + 8)) + 1.
-2
0 + 2 + (-3 - 1 - -4)
2
-8 + 1 - 3 - -7
-3
Calculate -7 + 7 + -3 + -2.
-5
What is 0 + 12 + -9 - 4?
-1
18 + -1 - (-96 - -107)
6
What is the value of 7 - 11 - (5 + -6)?
-3
What is the value of -2 + (-5 - 0 - -8) - 5?
-4
Evaluate -9 + (-6 - -11) - (-1 - 5).
2
Evaluate -4 + (4 + 0 - (-2 + 2)).
0
What is the value of -5 + -7 + 10 - 3?
-5
What is 4 + (1 - 7) - -2?
0
Evaluate (-8 - -12) + (-2 - 8).
-6
Evaluate 2 + (6 + 0 - 2).
6
Calculate -8 + -1 + (34 - 29) + 0.
-4
Calculate 3 + 7 + -14 + 6 + -2.
0
What is the value of 1 + (5 - 4) - 0 - 3?
-1
What is the value of -10 - (-9 - (-9 + 6))?
-4
Evaluate -9 + (1 - -3) + 1.
-4
Calculate 0 + (-4 - (6 + -10)).
0
(63 - 59) + (1 - -1) - 13
-7
Calculate 3 + 6 + -1 + -4 + -5.
-1
Evaluate 3 - (-1 + 5) - 2.
-3
-14 + (-1 - -1) + 14
0
0 + (3 - -1) + -6
-2
What is the value of -4 + 9 - -4 - 5?
4
Calculate 3 + (4 - 5) + 32 + -42.
-8
What is the value of 5 + (-4 - (4 - (0 - -4)))?
1
What is -1 + -5 - (-10 + 6 + -1)?
-1
What is 3 + -2 + -1 + 5?
5
What is 80 + -84 + 1 + (0 - -8)?
5
Evaluate (49 - 44) + (-3 - 0).
2
Calculate (-2 - (-8 + 5) - 8) + 7.
0
-4 + (36 + -36 - (-3 + 1))
-2
Calculate -6 + (-3 - (4 - 15)).
2
What is the value of 5 - (19 + 2 + -10)?
-6
Evaluate 17 + -19 - (1 - (-1 - -2)).
-2
What is -7 + 1 + (1 - -2 - 2)?
-5
Evaluate 5 - (-8 - -29) - (-4 - 1).
-11
6 - (-4 - (2 - (19 + -5)))
-2
Calculate -1 + 5 + -15 + 12.
1
What is -3 - (4 - 6) - (3 + -9)?
5
-8 + (5 - 4) + (2 - -1)
-4
4 + (2 + 1 - (-19 + 18))
8
Evaluate (2 - -1) + -3 - 0.
0
What is the value of (-1 - 0) + -2 + -1 + 2?
-2
What is the value of -2 - -1 - (-66 + 58)?
7
Evaluate 8 + (6 - 4 - 4).
6
Evaluate (0 + (4 - -1) - 10) + 12.
7
3 - (-11 - (-12 - 10))
-8
Calculate 7 - 0 - 20 - -7.
-6
Evaluate (1 + 0 - (-3 + 2)) + -6.
-4
What is the value of 1 - (-1 + 1) - (3 - -1)?
-3
(9 + -4 - 4) + 1 - 7
-5
Evaluate -2 - (-1 + (-8 - (-5 + 3))).
5
-2 + -5 + 0 + 6
-1
What is 3 + -1 + 1 - 7?
-4
What is -1 - -3 - 4 - -1?
-1
Evaluate 93 - 83 - (3 + -2).
9
Evaluate 0 + -1 + 2 + (-1 - -1).
1
What is -7 + 5 + 3 - -6 - 3?
4
What is -4 - (-1 + -3 - (4 - 2))?
2
Calculate -8 - (0 - 4) - (1 - 1).
-4
What is 7 - (17 + -2 + -5) - 4?
-7
What is the value of 8 - 8 - (16 - 23)?
7
9 - (2 + (13 - 8))
2
Calculate 1 + (1 - (-3 - (0 - 4))).
1
What is the value of 3 + 8 + -4 + -5?
2
Evaluate -6 + 8 - (0 - -1).
1
Calculate -3 + (2 - 4) + (25 - 26).
-6
Calculate (3 - -8) + -2 - 7.
2
Evaluate -3 + (-17 + 26 - (5 - 0)).
1
What is the value of 5 - 12 - (1 + 0 - 4)?
-4
What is (-14 - -6 - -3) + 9?
4
What is -5 - -2 - (-2 + 3) - -9?
5
Evaluate (-11 - -33) + -13 - 19.
-10
What is the value of 2 + (-2 - (-2 + 4))?
-2
Evaluate (3 - -2) + -6 + 0 + -2.
-3
0 + 3 + 0 - -1
4
Evaluate (6 + -2 - (-26 + 19)) + -2.
9
Evaluate 3 - (0 + 6 + -2 + 5).
-6
What is the value of -8 + 3 + 0 - -4?
-1
What is 6 - (-8 - 0 - -8)?
6
Calculate 3 + 3 + (-10 + 2 - -4).
2
Calculate -2 - 7 - (50 + -58).
-1
Calculate -7 + 10 - (-1 + 2).
2
Evaluate 1 + 0 + (3 - 7 - 1).
-4
Evaluate (-5 + 11 - -1) + -1 + -4.
2
What is 12 - 0 - 12 - (-6 + 1)?
5
Evaluate 8 + -5 + 3 + -5.
1
Calculate -5 - -1 - (1 + -6 + 6).
-5
Evaluate -3 + (7 - (-2 + 1)).
5
What is (-1 - -1 - -4) + (39 - 51)?
-8
Calculate -9 + 12 + 0 + 2.
5
What is 7 + 3 + (9 - 19)?
0
Calculate (7 + -3 - (1 - -9)) + 7.
1
-3 - (-1 + 0) - 1
-3
(0 - 3) + 1 + -2
-4
Evaluate 1 + (-5 - 3) + 17 - 6.
4
Evaluate 2 - (-1 + 6 + -1).
-2
(0 + 